 is -127b394 - -8?
-127b389
In base 10, what is 30153314 - 5?
30153309
In base 5, what is 2 + -342344344413?
-342344344411
In base 7, what is -135 + -162364?
-162532
In base 8, what is 142163 - -52?
142235
In base 4, what is 10 - -100003122100?
100003122110
In base 4, what is 1200203323 - -13220?
1200223203
In base 7, what is 4512530511 - 2?
4512530506
In base 5, what is 240123230 - -11?
240123241
In base 2, what is 10110 - -1101100011011000?
1101100011101110
In base 7, what is 1434 + 12632032?
12633466
In base 14, what is 8bdd842 - -2?
8bdd844
In base 8, what is -12 - -335262?
335250
In base 11, what is 1292614 - -7?
1292620
In base 7, what is 0 - 203336620?
-203336620
In base 14, what is 718601 - -2b?
71862c
In base 8, what is -24 - -20040502?
20040456
In base 12, what is -10b - -30b065?
30ab56
In base 8, what is 27234204 - -1?
27234205
In base 9, what is -100423 - -2160?
-87253
In base 14, what is -5 - 17bdac2?
-17bdac7
In base 6, what is -4042 + 2015314?
2011232
In base 6, what is 15134333 - -3?
15134340
In base 4, what is -2130031 + 3210200?
1020103
In base 5, what is -10032401 + 24044?
-10003302
In base 7, what is 4 - 1620213023?
-1620213016
In base 3, what is -1100221121222 + -1011?
-1100221200010
In base 8, what is -5 + 220462404?
220462377
In base 12, what is -1413268 - -167?
-1413101
In base 10, what is -619 - -15687?
15068
In base 11, what is -72874 + -372?
-73136
In base 9, what is 2675435 - -2?
2675437
In base 13, what is 3 - 91035ab?
-91035a8
In base 3, what is -12002 - 22110100100001?
-22110100112010
In base 5, what is 202 + 2324411344?
2324412101
In base 6, what is 143 + 13355211?
13355354
In base 4, what is 213100131 - 201020?
212233111
In base 4, what is 11000012033 - 13?
11000012020
In base 8, what is -136707222 + -1?
-136707223
In base 11, what is -9a27aa8 + 10?
-9a27a98
In base 11, what is -1088a + 10556?
-334
In base 3, what is 10 + 1122110202021102?
1122110202021112
In base 16, what is 2 - -318dee5?
318dee7
In base 6, what is 10 - 244001102?
-244001052
In base 3, what is -120010 - -1100012001?
1022121221
In base 4, what is -11330 - 20223030?
-20301020
In base 10, what is -59354 - -327?
-59027
In base 5, what is -24332203 - -12?
-24332141
In base 2, what is 10100100110110110011010011 - 11?
10100100110110110011010000
In base 16, what is 1118e33 + 2?
1118e35
In base 3, what is -11002221020 - 22202?
-11010020222
In base 7, what is -20302 - -20631?
326
In base 9, what is 446664 + -362?
446302
In base 15, what is 12b + -e631?
-e505
In base 9, what is -33 + 322188?
322155
In base 5, what is -3 + -301232010?
-301232013
In base 14, what is 10 + 28a55b8?
28a55c8
In base 2, what is -1001101 + 1011110001101100010011?
1011110001101011000110
In base 11, what is -78131716 - -5?
-78131711
In base 15, what is -13d3a - -6a3?
-13687
In base 4, what is -3223030131123 - -13?
-3223030131110
In base 2, what is -110010101 + -1110001110011110?
-1110010100110011
In base 2, what is -11000100101 - -101011011110?
10010111001
In base 7, what is 44 - 30305020?
-30304643
In base 2, what is 1001001110000011100111101 - 1011?
1001001110000011100110010
In base 8, what is 444260 - -103?
444363
In base 4, what is -110 - -13101323011?
13101322301
In base 10, what is 775 + 159955?
160730
In base 4, what is 3100122101 - -230?
3100122331
In base 11, what is -9 + 14275a?
142751
In base 14, what is -bbd794 - -4d?
-bbd745
In base 11, what is 241024 + -3?
241021
In base 5, what is 2321314322 - 11?
2321314311
In base 7, what is 42244465052 - -1?
42244465053
In base 11, what is -1328 - a35?
-2262
In base 10, what is 192010 + 44?
192054
In base 10, what is 23 + -6440268?
-6440245
In base 16, what is -141b + d5?
-1346
In base 8, what is 144266 + 2432?
146720
In base 7, what is -1 + -15416230?
-15416231
In base 13, what is -c120a7 + -8?
-c120b2
In base 2, what is -1011000101010101 - -1010101011?
-1010111010101010
In base 12, what is -91 - 356710?
-3567a1
In base 12, what is -4abbb9 - -15b?
-4aba5a
In base 15, what is 3de - a3c7?
-9ed8
In base 13, what is 1c - 28444?
-28425
In base 3, what is 1 - -12212121112022020?
12212121112022021
In base 3, what is -1112200120001 + 121?
-1112200112110
In base 14, what is 3b4d - 3717?
436
In base 12, what is 1 - 1066b6b?
-1066b6a
In base 7, what is 1 + 16610546?
16610550
In base 8, what is 44755447 + 50?
44755517
In base 3, what is -1011201011 - -1202002012?
120101001
In base 8, what is 15330625 + 0?
15330625
In base 12, what is -2291198 + 3?
-2291195
In base 5, what is -331 - -40144?
34313
In base 14, what is -4920 + -134?
-4a54
In base 15, what is -10606 - 12d4?
-118da
In base 14, what is 9596 + 2ab?
9863
In base 6, what is 4155254 - -222?
4155520
In base 16, what is 4b0d8 + -581?
4ab57
In base 5, what is 3 - 200103314224?
-200103314221
In base 16, what is -2e925 + -3?
-2e928
In base 12, what is -253 + 35733?
354a0
In base 6, what is -1353051 + -12?
-1353103
In base 15, what is -2887dbd - 5?
-2887dc3
In base 10, what is -25992 - 118?
-26110
In base 13, what is -259 - c33?
-118c
In base 10, what is -4 + -1611289?
-1611293
In base 15, what is -16 + -18c19?
-18c30
In base 3, what is -2 - 1002012202001110201?
-1002012202001110210
In base 3, what is -11111002211111 + -2222?
-11111002221110
In base 14, what is 205d + ab96?
cc15
In base 12, what is -4a - 1b5025?
-1b5073
In base 7, what is 4 - 120303400?
-120303363
In base 11, what is 552543 - 51?
5524a2
In base 5, what is 12 - 3303000313?
-3303000301
In base 5, what is 22 - 3144030203?
-3144030131
In base 5, what is 3444441 - -12030?
4012021
In base 7, what is 2062430 - 10?
2062420
In base 14, what is ba7 + 2937?
3700
In base 4, what is 323110030 - 31?
323103333
In base 15, what is 33 + d575?
d5a8
In base 13, what is 25566 + 1383?
26919
In base 13, what is -5 + -616ab65?
-616ab6a
In base 12, what is 186 - -4143a?
41604
In base 3, what is -100022110 + -10200121?
-111000001
In base 8, what is 13340 - 16703?
-3343
In base 11, what is -369a90 - 5?
-369a95
In base 2, what is -11110010101011100 - 1100111000?
-11110100010010100
In base 7, what is -425235514 - 1?
-425235515
In base 3, what is -1112120002221 + -110?
-1112120010101
In base 10, what is 2302 - -38318?
40620
In base 12, what is -4054a2 + 49?
-405455
In base 5, what is 30 + -11100413012?
-11100412432
In base 8, what is 1057 - -271317?
272376
In base 10, what is -679 + -37104?
-37783
In base 2, what is -101110011010000 + -1010000010?
-101111101010010
In base 15, what is 34d106 + 2?
34d108
In base 13, what is -a - 5928cc8?
-5929005
In base 4, what is -1331232221033110 + -3?
-1331232221033113
In base 7, what is -11305135506 + 1?
-11305135505
In base 15, what is b48baa - 3?
b48ba7
In base 11, what is -3650 - 7255?
-a8a5
In base 7, what is -51 - -551052?
551001
In base 6, what is -55512 + 125235?
25323
In base 4, what is -32231 + -1320122?
-2013013
In base 11, what is -23740 - -340?
-23400
In base 10, what is -2206 - 2102?
-4308
In base 3, what is -1022221022211 + -1010?
-1022221100221
In base 5, what is 21 + 2221113342?
2221113413
In base 9, what is 0 + 16677778?
16677778
In base 7, what is 4 + -2413441326?
-2413441322
In base 10, what is -20766 + 2293?
-18473
In base 13, what is -298a2c4 - -1?
-298a2c3
In base 2, what is 1110 - 1100001010011110010?
-1100001010011100100
In base 11, what is 668 - -4911?
5479
In base 8, what is 63 - -40712060?
40712143
In base 11, what is 10 - 275a31?
-275a21
In base 5, what is -1322313 - -14401?
-1302412
In base 11, what is 46789 - -3814?
4a4a2
In base 4, what is -10031 - -130103031?
130033000
In base 12, what is b4b1124 + 5?
b4b1129
In base 13, what is -1c7c7 + 25?
-1c7a2
In base 9, what is -126323187 - -1?
-126323186
In base 10, what is -1177589 + -26?
-1177615
In base 11, what is -6 + -193509?
-193514
In base 10, what is 866170 + -348?
865822
In base 10, what is -853 - 959816?
-960669
In base 14, what is a - 15a666?
-15a65a
In base 4, what is 1201301213230 - -13?
1201301213303
In base 7, what is -366120 + 144?
-365643
In base 5, what is 434 - -14114123?
14120112
In base 12, what is 200531803 - 4?
2005317bb
In base 9, what is 12240 + 183?
12433
In base 13, what is -10790a5 - -13?
-1079092
In base 2, what is -100011 + -10100110011010100100?
-10100110011011000111
In base 7, what is 4 - -310065534?
310065